{"id":34,"date":"2022-11-10T20:18:08","date_gmt":"2022-11-10T19:18:08","guid":{"rendered":"https:\/\/shop.koroo.fr\/?page_id=34"},"modified":"2026-03-13T14:42:42","modified_gmt":"2026-03-13T13:42:42","slug":"points-de-vente","status":"publish","type":"page","link":"https:\/\/shop.koroo.fr\/?page_id=34","title":{"rendered":"Points de vente"},"content":{"rendered":"<p><strong>La Horde des cr\u00e9ateurs<\/strong>\u00a0 &#8211;\u00a0 Vernoux en Vivarais, Ard\u00e8che<\/p>\n<p>https:\/\/www.instagram.com\/lahordedescreateurs\/<\/p>\n<p><strong>L&rsquo;Arcade<\/strong>\u00a0 &#8211;\u00a0 St Michel de Chabrillanoux, Ard\u00e8che<\/p>\n<p><strong>Boutique Plan\u00e8te rouge <\/strong>(\u00e0 c\u00f4t\u00e9 de la Mairie) &#8211; Mars, Ard\u00e8che<\/p>\n<p><strong>Boutique de l&rsquo;Abbaye<\/strong> de L\u00e9oncel, Dr\u00f4me<\/p>\n<p><strong>Les Volubiles<\/strong> &#8211; St Julien Chapteuil, Haute Loire<\/p>\n<p><img loading=\"lazy\" decoding=\"async\" class=\" size-full wp-image-33\" src=\"https:\/\/shop.koroo.fr\/wp-content\/uploads\/2022\/11\/Leoncel-koroo_leoncel.jpg\" alt=\"koroo_leoncel\" width=\"600\" height=\"293\" \/><\/p>\n","protected":false},"excerpt":{"rendered":"<p>La Horde des cr\u00e9ateurs\u00a0 &#8211;\u00a0 Vernoux en Vivarais, Ard\u00e8che https:\/\/www.instagram.com\/lahordedescreateurs\/ L&rsquo;Arcade\u00a0 &#8211;\u00a0 St Michel de Chabrillanoux, Ard\u00e8che Boutique Plan\u00e8te rouge [&hellip;]<\/p>\n","protected":false},"author":1,"featured_media":33,"parent":0,"menu_order":9,"comment_status":"closed","ping_status":"closed","template":"","meta":{"site-sidebar-layout":"default","site-content-layout":"","ast-site-content-layout":"default","site-content-style":"default","site-sidebar-style":"default","ast-global-header-display":"","ast-banner-title-visibility":"","ast-main-header-display":"","ast-hfb-above-header-display":"","ast-hfb-below-header-display":"","ast-hfb-mobile-header-display":"","site-post-title":"","ast-breadcrumbs-content":"","ast-featured-img":"","footer-sml-layout":"","ast-disable-related-posts":"","theme-transparent-header-meta":"","adv-header-id-meta":"","stick-header-meta":"","header-above-stick-meta":"","header-main-stick-meta":"","header-below-stick-meta":"","astra-migrate-meta-layouts":"default","ast-page-background-enabled":"default","ast-page-background-meta":{"desktop":{"background-color":"var(--ast-global-color-5)","background-image":"","background-repeat":"repeat","background-position":"center center","background-size":"auto","background-attachment":"scroll","background-type":"","background-media":"","overlay-type":"","overlay-color":"","overlay-opacity":"","overlay-gradient":""},"tablet":{"background-color":"","background-image":"","background-repeat":"repeat","background-position":"center center","background-size":"auto","background-attachment":"scroll","background-type":"","background-media":"","overlay-type":"","overlay-color":"","overlay-opacity":"","overlay-gradient":""},"mobile":{"background-color":"","background-image":"","background-repeat":"repeat","background-position":"center center","background-size":"auto","background-attachment":"scroll","background-type":"","background-media":"","overlay-type":"","overlay-color":"","overlay-opacity":"","overlay-gradient":""}},"ast-content-background-meta":{"desktop":{"background-color":"var(--ast-global-color-4)","background-image":"","background-repeat":"repeat","background-position":"center center","background-size":"auto","background-attachment":"scroll","background-type":"","background-media":"","overlay-type":"","overlay-color":"","overlay-opacity":"","overlay-gradient":""},"tablet":{"background-color":"var(--ast-global-color-4)","background-image":"","background-repeat":"repeat","background-position":"center center","background-size":"auto","background-attachment":"scroll","background-type":"","background-media":"","overlay-type":"","overlay-color":"","overlay-opacity":"","overlay-gradient":""},"mobile":{"background-color":"var(--ast-global-color-4)","background-image":"","background-repeat":"repeat","background-position":"center center","background-size":"auto","background-attachment":"scroll","background-type":"","background-media":"","overlay-type":"","overlay-color":"","overlay-opacity":"","overlay-gradient":""}},"footnotes":""},"class_list":["post-34","page","type-page","status-publish","has-post-thumbnail","hentry"],"jetpack_sharing_enabled":true,"_links":{"self":[{"href":"https:\/\/shop.koroo.fr\/index.php?rest_route=\/wp\/v2\/pages\/34","targetHints":{"allow":["GET"]}}],"collection":[{"href":"https:\/\/shop.koroo.fr\/index.php?rest_route=\/wp\/v2\/pages"}],"about":[{"href":"https:\/\/shop.koroo.fr\/index.php?rest_route=\/wp\/v2\/types\/page"}],"author":[{"embeddable":true,"href":"https:\/\/shop.koroo.fr\/index.php?rest_route=\/wp\/v2\/users\/1"}],"replies":[{"embeddable":true,"href":"https:\/\/shop.koroo.fr\/index.php?rest_route=%2Fwp%2Fv2%2Fcomments&post=34"}],"version-history":[{"count":2,"href":"https:\/\/shop.koroo.fr\/index.php?rest_route=\/wp\/v2\/pages\/34\/revisions"}],"predecessor-version":[{"id":115,"href":"https:\/\/shop.koroo.fr\/index.php?rest_route=\/wp\/v2\/pages\/34\/revisions\/115"}],"wp:featuredmedia":[{"embeddable":true,"href":"https:\/\/shop.koroo.fr\/index.php?rest_route=\/wp\/v2\/media\/33"}],"wp:attachment":[{"href":"https:\/\/shop.koroo.fr\/index.php?rest_route=%2Fwp%2Fv2%2Fmedia&parent=34"}],"curies":[{"name":"wp","href":"https:\/\/api.w.org\/{rel}","templated":true}]}}