{"id":70,"date":"2022-11-14T08:41:21","date_gmt":"2022-11-14T07:41:21","guid":{"rendered":"https:\/\/shop.koroo.fr\/?product=les-9-baume-anti-age"},"modified":"2026-03-15T14:29:53","modified_gmt":"2026-03-15T13:29:53","slug":"les-9-baume-anti-age","status":"publish","type":"product","link":"https:\/\/shop.koroo.fr\/?product=les-9-baume-anti-age","title":{"rendered":"Baume peaux matures"},"content":{"rendered":"<p>Ce baume apporte du confort et de la souplesse \u00e0 la peau.<\/p>\n<p>Il est bien absorb\u00e9, ne laisse pas de film gras, pour que l\u2019on puisse l\u2019utiliser aussi souvent qu\u2019on en a envie.<\/p>\n<p>Pour moi c\u2019est un baume-beaut\u00e9, qui me donne la sensation imm\u00e9diate que ma peau est plus douce, plus unifi\u00e9e et beaucoup plus souple.<\/p>\n<p>Une recette aux 7 huiles pr\u00e9cieuses, choisies pour leur propri\u00e9t\u00e9s r\u00e9g\u00e9n\u00e9rantes et restructurantes.<\/p>\n<p>Il est id\u00e9al pour les peaux matures, mais convient \u00e0 toutes celles qui veulent nourrir la peau d\u00e9licate de leur visage de fa\u00e7on naturelle.<\/p>\n<p>Composition :<\/p>\n<p>beurre de karit\u00e9, huile de jojoba,\u00a0 s\u00e9same, coco, argan, rose musqu\u00e9e, bourrache, cire d&rsquo;abeille, huiles essentielles carotte, petitgrain bigarade, ylang ylang, tocoph\u00e9rol (vit E), linalol et g\u00e9raniol contenus dans les huiles essentielles<\/p>\n<p>Poids : 50g<\/p>\n<p>INCI : butyrospermum parkii butter, simmondsia chinensis seed oil, sesamum indicum seed oil, cocos nucifera oil, argania spinosa kernel oil, rosa moschata oil, borago officinalis seed oil,\u00a0\u00a0cera alba,\u00a0 tocoph\u00e9rol, citrus aurantium amara oil, cananga odorata flower oil, daucus carota fruit oil, linalol, geraniol<\/p>\n","protected":false},"excerpt":{"rendered":"<h5>7 huiles pr\u00e9cieuses pour le confort de votre visage<\/h5>\n","protected":false},"featured_media":69,"comment_status":"open","ping_status":"closed","template":"","meta":{"site-sidebar-layout":"default","site-content-layout":"","ast-site-content-layout":"default","site-content-style":"default","site-sidebar-style":"default","ast-global-header-display":"","ast-banner-title-visibility":"","ast-main-header-display":"","ast-hfb-above-header-display":"","ast-hfb-below-header-display":"","ast-hfb-mobile-header-display":"","site-post-title":"","ast-breadcrumbs-content":"","ast-featured-img":"","footer-sml-layout":"","ast-disable-related-posts":"","theme-transparent-header-meta":"default","adv-header-id-meta":"","stick-header-meta":"","header-above-stick-meta":"","header-main-stick-meta":"","header-below-stick-meta":"","astra-migrate-meta-layouts":"set","ast-page-background-enabled":"default","ast-page-background-meta":{"desktop":{"background-color":"var(--ast-global-color-5)","background-image":"","background-repeat":"repeat","background-position":"center center","background-size":"auto","background-attachment":"scroll","background-type":"","background-media":"","overlay-type":"","overlay-color":"","overlay-opacity":"","overlay-gradient":""},"tablet":{"background-color":"","background-image":"","background-repeat":"repeat","background-position":"center center","background-size":"auto","background-attachment":"scroll","background-type":"","background-media":"","overlay-type":"","overlay-color":"","overlay-opacity":"","overlay-gradient":""},"mobile":{"background-color":"","background-image":"","background-repeat":"repeat","background-position":"center center","background-size":"auto","background-attachment":"scroll","background-type":"","background-media":"","overlay-type":"","overlay-color":"","overlay-opacity":"","overlay-gradient":""}},"ast-content-background-meta":{"desktop":{"background-color":"var(--ast-global-color-4)","background-image":"","background-repeat":"repeat","background-position":"center center","background-size":"auto","background-attachment":"scroll","background-type":"","background-media":"","overlay-type":"","overlay-color":"","overlay-opacity":"","overlay-gradient":""},"tablet":{"background-color":"var(--ast-global-color-4)","background-image":"","background-repeat":"repeat","background-position":"center center","background-size":"auto","background-attachment":"scroll","background-type":"","background-media":"","overlay-type":"","overlay-color":"","overlay-opacity":"","overlay-gradient":""},"mobile":{"background-color":"var(--ast-global-color-4)","background-image":"","background-repeat":"repeat","background-position":"center center","background-size":"auto","background-attachment":"scroll","background-type":"","background-media":"","overlay-type":"","overlay-color":"","overlay-opacity":"","overlay-gradient":""}}},"product_brand":[],"product_cat":[20],"product_tag":[],"class_list":{"0":"post-70","1":"product","2":"type-product","3":"status-publish","4":"has-post-thumbnail","6":"product_cat-baumes","7":"desktop-align-left","8":"tablet-align-left","9":"mobile-align-left","11":"first","12":"instock","13":"shipping-taxable","14":"purchasable","15":"product-type-simple"},"jetpack_sharing_enabled":true,"_links":{"self":[{"href":"https:\/\/shop.koroo.fr\/index.php?rest_route=\/wp\/v2\/product\/70","targetHints":{"allow":["GET"]}}],"collection":[{"href":"https:\/\/shop.koroo.fr\/index.php?rest_route=\/wp\/v2\/product"}],"about":[{"href":"https:\/\/shop.koroo.fr\/index.php?rest_route=\/wp\/v2\/types\/product"}],"replies":[{"embeddable":true,"href":"https:\/\/shop.koroo.fr\/index.php?rest_route=%2Fwp%2Fv2%2Fcomments&post=70"}],"wp:featuredmedia":[{"embeddable":true,"href":"https:\/\/shop.koroo.fr\/index.php?rest_route=\/wp\/v2\/media\/69"}],"wp:attachment":[{"href":"https:\/\/shop.koroo.fr\/index.php?rest_route=%2Fwp%2Fv2%2Fmedia&parent=70"}],"wp:term":[{"taxonomy":"product_brand","embeddable":true,"href":"https:\/\/shop.koroo.fr\/index.php?rest_route=%2Fwp%2Fv2%2Fproduct_brand&post=70"},{"taxonomy":"product_cat","embeddable":true,"href":"https:\/\/shop.koroo.fr\/index.php?rest_route=%2Fwp%2Fv2%2Fproduct_cat&post=70"},{"taxonomy":"product_tag","embeddable":true,"href":"https:\/\/shop.koroo.fr\/index.php?rest_route=%2Fwp%2Fv2%2Fproduct_tag&post=70"}],"curies":[{"name":"wp","href":"https:\/\/api.w.org\/{rel}","templated":true}]}}